{"id":9720,"date":"2024-05-20T00:19:24","date_gmt":"2024-05-19T22:19:24","guid":{"rendered":"https:\/\/www.demokratie-geschichte.de\/index.php\/?page_id=9720"},"modified":"2024-10-10T11:42:03","modified_gmt":"2024-10-10T09:42:03","slug":"foerdergrundsaetze","status":"publish","type":"page","link":"http:\/\/dg-dev.agentur-doppelstern.de\/httpdocs\/index.php\/foerdergrundsaetze\/","title":{"rendered":"F\u00f6rdergrunds\u00e4tze"},"content":{"rendered":"\n<p>Ein wesentliches Instrument der Stiftung besteht in der finanziellen F\u00f6rderung national hervorgehobener und gesamtgesellschaftlich relevanter Projekte, die sich mit den Orten der Demokratiegeschichte in Deutschland besch\u00e4ftigen.&nbsp;<\/p>\n\n\n\n<p>Die F\u00f6rderung der Bundesstiftung ist grunds\u00e4tzlich einem offenen, multiperspektivischen Ansatz verpflichtet, der demokratisches Bewusstsein und kritische Meinungsbildung ebenso f\u00f6rdern kann wie gesellschaftliche Teilhabe, und dabei problematische Aspekte der demokratischen Entwicklung nicht ausblendet.<\/p>\n\n\n\n<p>Der aktuelle F\u00f6rderaufruf wurde im Februar 2024 geschlossen. Wir informieren Sie hier, sobald ein neuer F\u00f6rderaufruf gestartet wird. Ungeachtet der konkreten F\u00f6rderaufrufe laden wir interessierte f\u00f6rderf\u00e4hige Organisationen dazu ein, fr\u00fchzeitig mit uns in einen Dialog \u00fcber k\u00fcnftige Projekte einzutreten. Gerne unterst\u00fctzen wir vielversprechende Projektantr\u00e4ge mit Beratung und Vernetzungsangeboten.<\/p>\n","protected":false},"excerpt":{"rendered":"<p>Ein wesentliches Instrument der Stiftung besteht in der finanziellen F\u00f6rderung national hervorgehobener und gesamtgesellschaftlich relevanter Projekte, die sich mit den Orten der Demokratiegeschichte in Deutschland besch\u00e4ftigen.&nbsp; Die F\u00f6rderung der Bundesstiftung ist grunds\u00e4tzlich einem offenen, multiperspektivischen Ansatz verpflichtet, der demokratisches Bewusstsein und kritische Meinungsbildung ebenso f\u00f6rdern kann wie gesellschaftliche Teilhabe, und dabei problematische Aspekte der demokratischen [&hellip;]<\/p>\n","protected":false},"author":1,"featured_media":0,"parent":0,"menu_order":28,"comment_status":"closed","ping_status":"closed","template":"","meta":{"_acf_changed":false,"footnotes":""},"categories":[],"tags":[],"class_list":["post-9720","page","type-page","status-publish","hentry"],"acf":[],"yoast_head":"<!-- This site is optimized with the Yoast SEO plugin v27.3 - https:\/\/yoast.com\/product\/yoast-seo-wordpress\/ -->\n<title>F\u00f6rdergrunds\u00e4tze - Stiftung Orte der deutschen Demokratiegeschichte<\/title>\n<meta name=\"robots\" content=\"index, follow, max-snippet:-1, max-image-preview:large, max-video-preview:-1\" \/>\n<link rel=\"canonical\" href=\"http:\/\/dg-dev.agentur-doppelstern.de\/httpdocs\/index.php\/foerdergrundsaetze\/\" \/>\n<meta property=\"og:locale\" content=\"de_DE\" \/>\n<meta property=\"og:type\" content=\"article\" \/>\n<meta property=\"og:title\" content=\"F\u00f6rdergrunds\u00e4tze - Stiftung Orte der deutschen Demokratiegeschichte\" \/>\n<meta property=\"og:description\" content=\"Ein wesentliches Instrument der Stiftung besteht in der finanziellen F\u00f6rderung national hervorgehobener und gesamtgesellschaftlich relevanter Projekte, die sich mit den Orten der Demokratiegeschichte in Deutschland besch\u00e4ftigen.&nbsp; Die F\u00f6rderung der Bundesstiftung ist grunds\u00e4tzlich einem offenen, multiperspektivischen Ansatz verpflichtet, der demokratisches Bewusstsein und kritische Meinungsbildung ebenso f\u00f6rdern kann wie gesellschaftliche Teilhabe, und dabei problematische Aspekte der demokratischen [&hellip;]\" \/>\n<meta property=\"og:url\" content=\"http:\/\/dg-dev.agentur-doppelstern.de\/httpdocs\/index.php\/foerdergrundsaetze\/\" \/>\n<meta property=\"og:site_name\" content=\"Stiftung Orte der deutschen Demokratiegeschichte\" \/>\n<meta property=\"article:modified_time\" content=\"2024-10-10T09:42:03+00:00\" \/>\n<meta name=\"twitter:card\" content=\"summary_large_image\" \/>\n<meta name=\"twitter:label1\" content=\"Gesch\u00e4tzte Lesezeit\" \/>\n\t<meta name=\"twitter:data1\" content=\"1\u00a0Minute\" \/>\n<script type=\"application\/ld+json\" class=\"yoast-schema-graph\">{\"@context\":\"https:\\\/\\\/schema.org\",\"@graph\":[{\"@type\":\"WebPage\",\"@id\":\"http:\\\/\\\/dg-dev.agentur-doppelstern.de\\\/httpdocs\\\/index.php\\\/foerdergrundsaetze\\\/\",\"url\":\"http:\\\/\\\/dg-dev.agentur-doppelstern.de\\\/httpdocs\\\/index.php\\\/foerdergrundsaetze\\\/\",\"name\":\"F\u00f6rdergrunds\u00e4tze - Stiftung Orte der deutschen Demokratiegeschichte\",\"isPartOf\":{\"@id\":\"http:\\\/\\\/dg-dev.agentur-doppelstern.de\\\/httpdocs\\\/index.php\\\/#website\"},\"datePublished\":\"2024-05-19T22:19:24+00:00\",\"dateModified\":\"2024-10-10T09:42:03+00:00\",\"breadcrumb\":{\"@id\":\"http:\\\/\\\/dg-dev.agentur-doppelstern.de\\\/httpdocs\\\/index.php\\\/foerdergrundsaetze\\\/#breadcrumb\"},\"inLanguage\":\"de\",\"potentialAction\":[{\"@type\":\"ReadAction\",\"target\":[\"http:\\\/\\\/dg-dev.agentur-doppelstern.de\\\/httpdocs\\\/index.php\\\/foerdergrundsaetze\\\/\"]}]},{\"@type\":\"BreadcrumbList\",\"@id\":\"http:\\\/\\\/dg-dev.agentur-doppelstern.de\\\/httpdocs\\\/index.php\\\/foerdergrundsaetze\\\/#breadcrumb\",\"itemListElement\":[{\"@type\":\"ListItem\",\"position\":1,\"name\":\"Startseite\",\"item\":\"http:\\\/\\\/dg-dev.agentur-doppelstern.de\\\/httpdocs\\\/index.php\\\/\"},{\"@type\":\"ListItem\",\"position\":2,\"name\":\"F\u00f6rdergrunds\u00e4tze\"}]},{\"@type\":\"WebSite\",\"@id\":\"http:\\\/\\\/dg-dev.agentur-doppelstern.de\\\/httpdocs\\\/index.php\\\/#website\",\"url\":\"http:\\\/\\\/dg-dev.agentur-doppelstern.de\\\/httpdocs\\\/index.php\\\/\",\"name\":\"Stiftung Orte der deutschen Demokratiegeschichte\",\"description\":\"\",\"potentialAction\":[{\"@type\":\"SearchAction\",\"target\":{\"@type\":\"EntryPoint\",\"urlTemplate\":\"http:\\\/\\\/dg-dev.agentur-doppelstern.de\\\/httpdocs\\\/index.php\\\/?s={search_term_string}\"},\"query-input\":{\"@type\":\"PropertyValueSpecification\",\"valueRequired\":true,\"valueName\":\"search_term_string\"}}],\"inLanguage\":\"de\"}]}<\/script>\n<!-- \/ Yoast SEO plugin. -->","yoast_head_json":{"title":"F\u00f6rdergrunds\u00e4tze - Stiftung Orte der deutschen Demokratiegeschichte","robots":{"index":"index","follow":"follow","max-snippet":"max-snippet:-1","max-image-preview":"max-image-preview:large","max-video-preview":"max-video-preview:-1"},"canonical":"http:\/\/dg-dev.agentur-doppelstern.de\/httpdocs\/index.php\/foerdergrundsaetze\/","og_locale":"de_DE","og_type":"article","og_title":"F\u00f6rdergrunds\u00e4tze - Stiftung Orte der deutschen Demokratiegeschichte","og_description":"Ein wesentliches Instrument der Stiftung besteht in der finanziellen F\u00f6rderung national hervorgehobener und gesamtgesellschaftlich relevanter Projekte, die sich mit den Orten der Demokratiegeschichte in Deutschland besch\u00e4ftigen.&nbsp; Die F\u00f6rderung der Bundesstiftung ist grunds\u00e4tzlich einem offenen, multiperspektivischen Ansatz verpflichtet, der demokratisches Bewusstsein und kritische Meinungsbildung ebenso f\u00f6rdern kann wie gesellschaftliche Teilhabe, und dabei problematische Aspekte der demokratischen [&hellip;]","og_url":"http:\/\/dg-dev.agentur-doppelstern.de\/httpdocs\/index.php\/foerdergrundsaetze\/","og_site_name":"Stiftung Orte der deutschen Demokratiegeschichte","article_modified_time":"2024-10-10T09:42:03+00:00","twitter_card":"summary_large_image","twitter_misc":{"Gesch\u00e4tzte Lesezeit":"1\u00a0Minute"},"schema":{"@context":"https:\/\/schema.org","@graph":[{"@type":"WebPage","@id":"http:\/\/dg-dev.agentur-doppelstern.de\/httpdocs\/index.php\/foerdergrundsaetze\/","url":"http:\/\/dg-dev.agentur-doppelstern.de\/httpdocs\/index.php\/foerdergrundsaetze\/","name":"F\u00f6rdergrunds\u00e4tze - Stiftung Orte der deutschen Demokratiegeschichte","isPartOf":{"@id":"http:\/\/dg-dev.agentur-doppelstern.de\/httpdocs\/index.php\/#website"},"datePublished":"2024-05-19T22:19:24+00:00","dateModified":"2024-10-10T09:42:03+00:00","breadcrumb":{"@id":"http:\/\/dg-dev.agentur-doppelstern.de\/httpdocs\/index.php\/foerdergrundsaetze\/#breadcrumb"},"inLanguage":"de","potentialAction":[{"@type":"ReadAction","target":["http:\/\/dg-dev.agentur-doppelstern.de\/httpdocs\/index.php\/foerdergrundsaetze\/"]}]},{"@type":"BreadcrumbList","@id":"http:\/\/dg-dev.agentur-doppelstern.de\/httpdocs\/index.php\/foerdergrundsaetze\/#breadcrumb","itemListElement":[{"@type":"ListItem","position":1,"name":"Startseite","item":"http:\/\/dg-dev.agentur-doppelstern.de\/httpdocs\/index.php\/"},{"@type":"ListItem","position":2,"name":"F\u00f6rdergrunds\u00e4tze"}]},{"@type":"WebSite","@id":"http:\/\/dg-dev.agentur-doppelstern.de\/httpdocs\/index.php\/#website","url":"http:\/\/dg-dev.agentur-doppelstern.de\/httpdocs\/index.php\/","name":"Stiftung Orte der deutschen Demokratiegeschichte","description":"","potentialAction":[{"@type":"SearchAction","target":{"@type":"EntryPoint","urlTemplate":"http:\/\/dg-dev.agentur-doppelstern.de\/httpdocs\/index.php\/?s={search_term_string}"},"query-input":{"@type":"PropertyValueSpecification","valueRequired":true,"valueName":"search_term_string"}}],"inLanguage":"de"}]}},"wps_subtitle":"","_links":{"self":[{"href":"http:\/\/dg-dev.agentur-doppelstern.de\/httpdocs\/index.php\/wp-json\/wp\/v2\/pages\/9720","targetHints":{"allow":["GET"]}}],"collection":[{"href":"http:\/\/dg-dev.agentur-doppelstern.de\/httpdocs\/index.php\/wp-json\/wp\/v2\/pages"}],"about":[{"href":"http:\/\/dg-dev.agentur-doppelstern.de\/httpdocs\/index.php\/wp-json\/wp\/v2\/types\/page"}],"author":[{"embeddable":true,"href":"http:\/\/dg-dev.agentur-doppelstern.de\/httpdocs\/index.php\/wp-json\/wp\/v2\/users\/1"}],"replies":[{"embeddable":true,"href":"http:\/\/dg-dev.agentur-doppelstern.de\/httpdocs\/index.php\/wp-json\/wp\/v2\/comments?post=9720"}],"version-history":[{"count":2,"href":"http:\/\/dg-dev.agentur-doppelstern.de\/httpdocs\/index.php\/wp-json\/wp\/v2\/pages\/9720\/revisions"}],"predecessor-version":[{"id":10356,"href":"http:\/\/dg-dev.agentur-doppelstern.de\/httpdocs\/index.php\/wp-json\/wp\/v2\/pages\/9720\/revisions\/10356"}],"wp:attachment":[{"href":"http:\/\/dg-dev.agentur-doppelstern.de\/httpdocs\/index.php\/wp-json\/wp\/v2\/media?parent=9720"}],"wp:term":[{"taxonomy":"category","embeddable":true,"href":"http:\/\/dg-dev.agentur-doppelstern.de\/httpdocs\/index.php\/wp-json\/wp\/v2\/categories?post=9720"},{"taxonomy":"post_tag","embeddable":true,"href":"http:\/\/dg-dev.agentur-doppelstern.de\/httpdocs\/index.php\/wp-json\/wp\/v2\/tags?post=9720"}],"curies":[{"name":"wp","href":"https:\/\/api.w.org\/{rel}","templated":true}]}}